et f = -15 + 15. Suppose -3*w = -5*r - 684, f*w = -4*w + 4*r + 920. Suppose 2*p - 75 = -t - 0*t, w = 3*t - 2*p. Is t a prime number?
False
Let j = 17348 + -8349. Is j a prime number?
True
Suppose 0 = -47*z + 925636 + 919819. Is z prime?
False
Suppose -3*r - 2*c = -1, -r - 2 = 5*c + 2. Let d(u) = 3*u + 34*u**3 - 2 + 17*u**3 + 25*u**3. Is d(r) a prime number?
False
Let k(g) = 2*g**2 - 4*g + 4. Let d be k(2). Suppose -6*b + 4*b = -d. Suppose -6*z + 3556 = -b*z. Is z prime?
False
Let p = 1328 + -928. Let g = 689 - p. Is g prime?
False
Suppose -386185 = -28*j - 111701. Is j composite?
False
Suppose 1549*u = 1556*u - 27769. Is u a composite number?
False
Suppose 2*s = -4*g + 5*s + 203941, -3*s = 5*g - 254906. Is g a composite number?
True
Is (-7)/56 - 1040193/(-72) a composite number?
False
Let v(l) = 89*l**2 - 25*l - 25. Is v(-19) a composite number?
False
Let z be 8/28 - 660/(-42). Is (83/(-2))/((-8)/z) composite?
False
Is (-1)/2*5*(-29552)/40 a prime number?
True
Suppose -4*a - z = -5 - 2, 0 = -3*z - 3. Let v(g) = -12*g**3 - 2*g**2 - 3*g - 5. Let j be v(-2). Suppose b + j = a*b. Is b composite?
False
Suppose -s + 79193 = 2*r - 4*r, -158418 = -2*s - 4*r. Is s a composite number?
False
Suppose 5*r - 6047 = 4*q, -3*q - 388 = 2*r - 2793. Is r composite?
True
Suppose 2*y - 2186 = -448. Is y composite?
True
Let l = -4466 + 9301. Is l a composite number?
True
Let w(y) = -6*y**2 - 43*y + y**3 + 29*y - 26 + 9. Is w(12) a composite number?
True
Let h = 6416 - 3657. Is h a composite number?
True
Let o(d) = -2*d**2 - 5*d + 14. Let t be o(-6). Let s = -27 - t. Is (-743 + -3)/(-1 - s) a prime number?
True
Suppose 4*n - 22 = -2. Suppose n*g = 3*b - 3, -10*b + 5 = -5*g - 5*b. Suppose t + 4*t + m - 126 = g, -4*m + 4 = 0. Is t a prime number?
False
Suppose -3*z - 12 = 4*c - 3, 5*z - 2 = -c. Let m(x) = 1802*x**3 - x**2. Is m(z) prime?
True
Suppose -3*o = 3*s - 2712, -s - 10*o = -6*o - 895. Is s prime?
True
Suppose -5*f = -2268 - 1862. Let l be ((-668)/8)/((-1)/18). Let c = l - f. Is c a prime number?
True
Let r(u) = -14*u**2 + 13*u - 3. Let c be r(-12). Let y = c - 653. Is y/6*(-6)/4 a prime number?
False
Let l(w) = 38*w**2 - 6*w - 2. Let r(u) = u**3 + 16*u**2 + u + 13. Let f be r(-16). Let i be l(f). Let s = i + -149. Is s a composite number?
True
Let n(u) be the third derivative of 5*u**5/2 - u**4/24 + 5*u**3/3 - 7*u**2. Is n(3) a composite number?
True
Is (2/(-4))/((-676042)/(-75116) + -9) prime?
False
Suppose 55205 = 5*z - 11150. Is z a prime number?
False
Let b be (3/9)/(3/72). Suppose -i + 3*x = -24, -b*x = -3*x - 5. Suppose 3*u + u = 2*q + 30, 4*u = q + i. Is u a prime number?
False
Is (3 - 13769)/(-4 + 2) composite?
False
Let s(v) = 0 + 12*v**3 + 9*v**2 - 6*v**3 - 7*v**3 + 25. Is s(8) prime?
True
Let d = 14 - 10. Suppose d*a + 5*k + 49 = 0, 3*a + 6*k - k = -43. Is 766/6 - (-4)/a prime?
True
Is (10 - 14) + 1366 + (-2 - -1) composite?
False
Let o be 24/((-2)/2) - -3. Is (-9894)/o + 3/(-21) a prime number?
False
Let m be (-1254)/(-42) + 4/28. Suppose -m = j - 28. Is 276/2 + (j - -3) composite?
False
Let m(j) = j**3 + 11*j**2 + 4*j + 5. Let b be 20*(-2)/6*(-15)/(-10). Is m(b) composite?
True
Suppose -3*v + 2*r = -2360 - 3795, -2*v + 4104 = -2*r. Is v a composite number?
True
Let o(y) = -1078*y**3 + 2*y + 1. Let b be (2/(-6))/((-12)/(-36)). Is o(b) a prime number?
False
Suppose 0 = 2*c + 5*a - 7140 - 200, -5*a + 11005 = 3*c. Is c prime?
False
Let f = 22748 + -14713. Is f prime?
False
Let g(n) = -8*n + 7. Let u be g(11). Let m = u - -146. Suppose 0 = h + j - m, 0 = 4*h - j - 4*j - 278. Is h a composite number?
False
Suppose 5*m + 103 = 2*w, 239 = 4*w + 6*m - 5*m. Suppose -w + 440 = a. Is a a prime number?
False
Suppose 4*n + 5*g - 34249 = 0, n + 0*g = -2*g + 8563. Is n a prime number?
False
Let p = 20911 + -36063. Suppose 3*a = 622 - 664. Is p/a + 26/(-91) prime?
False
Let m be 1*2*(-2 + 576). Suppose -3*u - u = -m. Is u a composite number?
True
Suppose -4*x = n + x - 9, 0 = n - 4*x. Suppose v - 4 = -v, n*g - 5*v - 10 = 0. Suppose g*r - 374 = 3*r. Is r a composite number?
True
Let v be (2/4)/((-20)/(-80)). Let j(h) = -16*h**v + 140 + 65 + 17*h**2 + 2*h + 60. Is j(0) a composite number?
True
Suppose 2585 - 61 = 2*u + 4*m, 5*u + 4*m - 6340 = 0. Let f = u - 757. Is f prime?
False
Suppose -10*w + 7*w - 3*g + 105 = 0, 73 = 3*w - 5*g. Suppose 354 = 7*s - w. Is s composite?
True
Is -125733*((-75)/9 + 8) composite?
False
Let p(b) = -180*b + 22. Let q be p(13). Let w = 4575 + q. Is w prime?
False
Let d be 4*((-1)/4*6 + 2). Suppose -d*f - 2*r + 3800 = -0*r, -3 = 3*r. Is f a prime number?
True
Let a = -40 + 60. Is 24/a*((-4065)/(-6))/1 a prime number?
False
Let n(i) = 46*i**2 + 10*i + 5. Let g be ((-12)/1)/(-3) + -8. Is n(g) composite?
False
Is (4 + 36/(-8))*-3614 a prime number?
False
Suppose 8*z - 11326 = 1018. Is z composite?
False
Let c(g) = 641*g**2 - 6*g + 28. Is c(3) a prime number?
True
Let u(m) = -m**3 - 6*m**2 - 10*m - 2. Let c be u(-4). Suppose 3*g + 5*t + 10 = 0, -5*g + 3*t + c = -g. Is 1 - (-94 + g) - 0 composite?
True
Suppose -3*y - 38 = 19. Let i be (-1 + y)/(2/47). Let p = 419 - i. Is p a prime number?
False
Suppose -21*i - 4 = -22*i. Suppose -2*j - 747 = -y, -2*y + i*j - 765 = -3*y. Is y prime?
False
Let a = -9765 + 24638. Is a composite?
True
Let m(w) = 74*w + 745. Is m(34) a prime number?
False
Let i = 535 - -490. Let d = 3280 - 1366. Let o = d - i. Is o a prime number?
False
Suppose -12*v + 39235 = -5729. Is v a prime number?
False
Let w(t) = -674*t + 7. Let i be w(-6). Suppose 16*v = i + 3421. Is v prime?
True
Let v = 628 + -604. Let s(w) = -w - 3. Let x be s(0). Is x/2*(-2528)/v a composite number?
True
Let m(i) = -i**3 + 30*i**2 - 23*i + 35. Is m(16) composite?
False
Let o be -2 - (-4)/((-16)/20). Is (-10 - o)/((-9)/669) composite?
False
Suppose j + 5*m = 3*j + 52, -3*j - 32 = 4*m. Let i = -9 - j. Suppose i*p = 4*p + 573. Is p a composite number?
False
Suppose 35*a - 1658972 = 7*a. Is a composite?
True
Suppose 5*l = m - 92 - 3, -2*l = 3*m + 55. Let g = 49 + l. Suppose -g*s = -27*s - 154. Is s a composite number?
True
Suppose 42*q + 53*q = 1507555. Is q composite?
True
Suppose 3340 + 1229 = t. Is t a composite number?
True
Is (-992)/(-80)*215/2 composite?
True
Let y be 4 + -7 + 14 - -1. Is (-1478)/(3/(y/(-8)) - 0) composite?
False
Let p(a) = 12*a**2 + 27*a - 19. Let d(i) = -i**2 + 10*i - 9. Let b be d(11). Is p(b) prime?
True
Let s be 26/(-8)*(111 + 5). Let u = s - -892. Is u a composite number?
True
Let j(f) = -f**3 - 3*f**2 - 6*f - 1. Let h(y) = -y**2 + 6*y + 22. Suppose 0 = 9*t - 8*t - 9. Let i be h(t). Is j(i) a prime number?
True
Suppose 0 = 2*v + 5*v - 9625. Suppose 7237 = 4*s - v. Is s composite?
False
Let v = -17 + -24. Suppose -5*q - 3*r = -361, 4*r = 3*q + r - 231. Let d = v + q. Is d prime?
False
Let i(k) = 182*k**3 + 6*k**2 - 4*k - 1. Let x be ((-1)/2)/(33/12 + -3). Is i(x) a prime number?
True
Suppose -4 = -11*p + 10*p. Suppose -2*r = -r + u - 69, -3*u = -p*r + 283. Let i = 281 - r. Is i composite?
False
Is -4 - (-23076 - (-81)/(-9)) a composite number?
False
Let g(m) = -13*m + 36. Let i(o) = -26*o + 73. Let l(d) = -7*g(d) + 3*i(d). Is l(14) prime?
True
Let j(k) = 2018*k + 17. Let b(f) = -673*f - 6. Let i(m) = 11*b(m) + 4*j(m). Is i(1) prime?
False
Is 1628 + (-2)/(-4 + 8)*10 prime?
False
Let s(q) be the first derivative of q**4/4 + 5*q**3 + 13*q**2/2 - 14*q - 7. Is s(-13) prime?
False
Let m = 16 + -13. Suppose 0*g + 26 = 3*h + 5*g, 3*h + 4*g = 22. Suppose 0 = -5*r - m*y + 2623, 12 = h*y - 5*y. Is r a prime number?
False
Let l = -2 - -8. Suppose 3*d + 15 = l*d. Suppose -d*f = -f - 92. Is f a prime number?
True
Is 2 + 4/(12/3231) a composite number?
True
Let n = -11 - -10. Let k be n/((-3612)/1808 + 2). Is 2/(0 + (-8)/k) prime?
True
Is 13285 + 184/69*18/8 composite?
False
Suppose -2*d = 4*z + 44, z + 3*d = -11 - 10. Let n = 42 - z. Is n composite?
True
Let z(h) = h**3 - 7*h**2 - 2*h - 7. Is z(12) a composite number?
True
Let o be 1/3 - (-2248)/6. Let r = -260 + o. Is r a prime number?
False
Let h(y) = 7*y + 191. Is h(-6) a composite number?
False
Is (-13)/39*(-5 + -578890)/5 composite?
False
Let t(j) = -1 - 1864*j**3 - 1557*j**3 - 3*j + 65*j**3 + 398*j**3 - j**2. Is t(-1) prime?
False
Let j(g) = 2*g + 6. Let m be j(6). Suppose 30 = 4*v 